{"id":5459,"date":"2024-05-15T15:19:15","date_gmt":"2024-05-15T13:19:15","guid":{"rendered":"https:\/\/barcelonawss.com\/?page_id=5459"},"modified":"2025-10-14T16:31:24","modified_gmt":"2025-10-14T14:31:24","slug":"wss-futbol-cat","status":"publish","type":"page","link":"https:\/\/barcelonawss.com\/?page_id=5459&lang=ca","title":{"rendered":"WSS Competici\u00f3"},"content":{"rendered":"\n<div class=\"wp-block-group has-theme-palette-9-color has-theme-palette-3-background-color has-text-color has-background has-link-color wp-elements-6bdefd0d807fe2fddc07cd5207ba3a1d\"><div class=\"wp-block-group__inner-container is-layout-constrained wp-block-group-is-layout-constrained\">\n<h2 class=\"wp-block-heading has-text-align-center has-theme-palette-9-color has-text-color has-link-color wp-elements-7d76a9a03ca5c375e5b4968fdfc0e85f\">WSS COMPETICI\u00d3<\/h2>\n<\/div><\/div>\n\n\n\n<div class=\"wp-block-group\" style=\"padding-right:0;padding-left:0\"><div class=\"wp-block-group__inner-container is-layout-constrained wp-container-core-group-is-layout-a7c31ef8 wp-block-group-is-layout-constrained\">\n<div class=\"wp-block-columns is-layout-flex wp-container-core-columns-is-layout-b815d019 wp-block-columns-is-layout-flex\" style=\"padding-right:var(--wp--preset--spacing--80);padding-left:var(--wp--preset--spacing--80)\">\n<div class=\"wp-block-column has-theme-palette-7-background-color has-background is-layout-flow wp-block-column-is-layout-flow\" style=\"padding-top:var(--wp--preset--spacing--30);padding-right:var(--wp--preset--spacing--30);padding-bottom:var(--wp--preset--spacing--30);padding-left:var(--wp--preset--spacing--30)\">\n<h3 class=\"wp-block-heading\">El programa<\/h3>\n\n\n\n<p>El programa <strong>WSS Competici\u00f3<\/strong> est\u00e0 dissenyat per a jugadores que ja tenen adquirida una capacitat t\u00e0ctica, t\u00e8cnica i coordinativa adequada a la seva edat per poder jugar partits regularment.<\/p>\n\n\n\n<p>Els cossos t\u00e8cnics treballen amb les jugadores perqu\u00e8 la seva millora individual contribueixi a la millora del col\u00b7lectiu, des d&#8217;un punt de vista del joc, de la part condicional i de la part emocional.<\/p>\n\n\n\n<p class=\"has-text-align-left\">Les jugadores i les fam\u00edlies que formen part d&#8217;aquest programa han de tenir el comprom\u00eds d&#8217;assistir a tots els entrenaments i partits del seu equip, excepte per causes de for\u00e7a major.<\/p>\n<\/div>\n\n\n\n<div class=\"wp-block-column has-theme-palette-7-background-color has-background is-layout-flow wp-block-column-is-layout-flow\" style=\"padding-top:var(--wp--preset--spacing--30);padding-right:var(--wp--preset--spacing--30);padding-bottom:var(--wp--preset--spacing--30);padding-left:var(--wp--preset--spacing--30)\">\n<h3 class=\"wp-block-heading\">Entrenaments i partits<\/h3>\n\n\n\n<p>Els equips que formen part del programa <strong>WSS Competici\u00f3<\/strong> entrenen dos o tres dies a la setmana, segons la seva etapa i la categoria on competeixen.<\/p>\n\n\n\n<p>Els equips del programa <strong>WSS Competici\u00f3<\/strong> participen a les lligues de la Federaci\u00f3 Catalana de Futbol, aix\u00ed com en diferents tornejos durant tota la temporada.<\/p>\n<\/div>\n\n\n\n<div class=\"wp-block-column has-theme-palette-7-background-color has-background is-layout-flow wp-block-column-is-layout-flow\" style=\"padding-top:var(--wp--preset--spacing--30);padding-right:var(--wp--preset--spacing--30);padding-bottom:var(--wp--preset--spacing--30);padding-left:var(--wp--preset--spacing--30)\">\n<h3 class=\"wp-block-heading\">Contacte<\/h3>\n\n\n\n<p>Per a m\u00e9s informaci\u00f3, podeu enviar un correu electr\u00f2nic a <a href=\"mailto:futbol@barcelonawss.com\">futbol@barcelonawss.com<\/a>.<\/p>\n<\/div>\n<\/div>\n<\/div><\/div>\n","protected":false},"excerpt":{"rendered":"<p>WSS COMPETICI\u00d3 El programa El programa WSS Competici\u00f3 est\u00e0 dissenyat per a jugadores que ja tenen adquirida una capacitat t\u00e0ctica, t\u00e8cnica i coordinativa adequada a la seva edat per poder jugar partits regularment. Els cossos t\u00e8cnics treballen amb les jugadores perqu\u00e8 la seva millora individual contribueixi a la millora del col\u00b7lectiu, des d&#8217;un punt de&#8230;<\/p>\n","protected":false},"author":1,"featured_media":0,"parent":5695,"menu_order":0,"comment_status":"closed","ping_status":"closed","template":"","meta":{"_eb_attr":"","_kad_post_transparent":"","_kad_post_title":"","_kad_post_layout":"","_kad_post_sidebar_id":"","_kad_post_content_style":"","_kad_post_vertical_padding":"","_kad_post_feature":"","_kad_post_feature_position":"","_kad_post_header":false,"_kad_post_footer":false,"_kad_post_classname":"","footnotes":""},"class_list":["post-5459","page","type-page","status-publish","hentry"],"_links":{"self":[{"href":"https:\/\/barcelonawss.com\/index.php?rest_route=\/wp\/v2\/pages\/5459","targetHints":{"allow":["GET"]}}],"collection":[{"href":"https:\/\/barcelonawss.com\/index.php?rest_route=\/wp\/v2\/pages"}],"about":[{"href":"https:\/\/barcelonawss.com\/index.php?rest_route=\/wp\/v2\/types\/page"}],"author":[{"embeddable":true,"href":"https:\/\/barcelonawss.com\/index.php?rest_route=\/wp\/v2\/users\/1"}],"replies":[{"embeddable":true,"href":"https:\/\/barcelonawss.com\/index.php?rest_route=%2Fwp%2Fv2%2Fcomments&post=5459"}],"version-history":[{"count":21,"href":"https:\/\/barcelonawss.com\/index.php?rest_route=\/wp\/v2\/pages\/5459\/revisions"}],"predecessor-version":[{"id":6884,"href":"https:\/\/barcelonawss.com\/index.php?rest_route=\/wp\/v2\/pages\/5459\/revisions\/6884"}],"up":[{"embeddable":true,"href":"https:\/\/barcelonawss.com\/index.php?rest_route=\/wp\/v2\/pages\/5695"}],"wp:attachment":[{"href":"https:\/\/barcelonawss.com\/index.php?rest_route=%2Fwp%2Fv2%2Fmedia&parent=5459"}],"curies":[{"name":"wp","href":"https:\/\/api.w.org\/{rel}","templated":true}]}}