{"id":5394,"date":"2024-05-15T15:19:16","date_gmt":"2024-05-15T13:19:16","guid":{"rendered":"https:\/\/barcelonawss.com\/?page_id=5394"},"modified":"2025-01-20T16:41:21","modified_gmt":"2025-01-20T14:41:21","slug":"el-projecte-womens","status":"publish","type":"page","link":"https:\/\/barcelonawss.com\/?page_id=5394&lang=ca","title":{"rendered":"El projecte Women&#8217;s"},"content":{"rendered":"<h1>Women&#8217;s Soccer School<\/h1>\n<p align=\"justify\">La Women\u2019s Soccer School Barcelona va n\u00e9ixer l&#8217;any 2017 amb el prop\u00f2sit d\u2019unir dona i esport, i oferir a les nenes i les noies un espai segur on poder jugar a futbol. Actualment confien en nosaltres m\u00e9s de 270 jugadores i les seves fam\u00edlies, que valoren l&#8217;aprenentatge i el creixement esportiu i personal que tenen a la Women&#8217;s Soccer School. El nostre objectiu \u00e9s que cada jugadora gaudeixi del futbol d&#8217;acord amb la seva motivaci\u00f3 cap a l&#8217;esport, per aix\u00f2 li facilitem les eines necess\u00e0ries a tots els \u00e0mbits. Una evoluci\u00f3 que va lligada a la interioritzaci\u00f3 dels valors impl\u00edcits en l&#8217;esport d&#8217;equip.<\/p>\n<p align=\"justify\">\u00a0<\/p>\n<p align=\"justify\">M\u00e9s enll\u00e0 de l&#8217;activitat regular, consistent en entrenaments i partits, a la Women&#8217;s Soccer School treballem perqu\u00e8 les jugadores visquin experi\u00e8ncies a partir de la pr\u00e0ctica esportiva. Per exemple jugar contra equips estrangers, participar en tornejos fora de Catalunya o con\u00e8ixer a figures de l&#8217;esport que s\u00f3n referents en el seu \u00e0mbit.<\/p>\n<h2>Els nostres valors<\/h2>\n<h5>\n\t\t\t\t\t\t\tRespecte<br \/>\n\t\t\t\t\t<\/h5>\n<p>\n\t\t\t\t\t\tTracta a les altres persones com si fossis tu mateixa. Tolera les difer\u00e8ncies i accepta les opinions dels altres, encara que no coincideixin amb les teves.\t\t\t\t\t<\/p>\n<h5>\n\t\t\t\t\t\t\tResponsabilitat<br \/>\n\t\t\t\t\t<\/h5>\n<p>\n\t\t\t\t\t\tEm cuido a mi mateixa. Conec les regles i les accepto, conec els meus punts forts i els potencio, descobreixo els punts de millora i els milloro. Mantinc uns h\u00e0bits de vida saludables d\u2019acord amb la pr\u00e0ctica de l\u2019esport.\t\t\t\t\t<\/p>\n<h5>\n\t\t\t\t\t\t\tEsfor\u00e7<br \/>\n\t\t\t\t\t<\/h5>\n<p>\n\t\t\t\t\t\tS\u00e9 que sempre puc millorar si tinc la voluntat per fer-ho. Dono el m\u00e0xim de mi mateixa a cada entrenament i partit, perqu\u00e8 aix\u00f2 beneficia al creixement de l&#8217;equip.\t\t\t\t\t<\/p>\n<h5>\n\t\t\t\t\t\t\tCompanyerisme<br \/>\n\t\t\t\t\t<\/h5>\n<p>\n\t\t\t\t\t\tS\u00f3c conscient que el benefici del grup va per davant del benefici propi. Ajudo a les companyes sempre que ho necessiten.\t\t\t\t\t<\/p>\n<h5>\n\t\t\t\t\t\t\tComprom\u00eds<br \/>\n\t\t\t\t\t<\/h5>\n<p>\n\t\t\t\t\t\tDes del moment en qu\u00e8 entro a formar part de l&#8217;equip, agafo l\u2019obligaci\u00f3 d\u2019assistir a totes les seves activitats per tal que el grup pugui funcionar correctament.\t\t\t\t\t<\/p>\n<h5>\n\t\t\t\t\t\t\tHumilitat<br \/>\n\t\t\t\t\t<\/h5>\n<p>\n\t\t\t\t\t\tComparo el meu rendiment amb el que vaig tenir ahir i no amb el de les altres. S\u00f3c l&#8217;exemple del que demano a la resta i accepto els comentaris d&#8217;entrenadors i companyes.\t\t\t\t\t<\/p>\n","protected":false},"excerpt":{"rendered":"<p>Women&#8217;s Soccer School La Women\u2019s Soccer School Barcelona va n\u00e9ixer l&#8217;any 2017 amb el prop\u00f2sit d\u2019unir dona i esport, i oferir a les nenes i les noies un espai segur on poder jugar a futbol. Actualment confien en nosaltres m\u00e9s de 270 jugadores i les seves fam\u00edlies, que valoren l&#8217;aprenentatge i el creixement esportiu i&#8230;<\/p>\n","protected":false},"author":1,"featured_media":0,"parent":5693,"menu_order":0,"comment_status":"closed","ping_status":"closed","template":"elementor_header_footer","meta":{"_eb_attr":"","_kad_post_transparent":"","_kad_post_title":"","_kad_post_layout":"","_kad_post_sidebar_id":"","_kad_post_content_style":"","_kad_post_vertical_padding":"","_kad_post_feature":"","_kad_post_feature_position":"","_kad_post_header":false,"_kad_post_footer":false,"_kad_post_classname":"","footnotes":""},"class_list":["post-5394","page","type-page","status-publish","hentry"],"_links":{"self":[{"href":"https:\/\/barcelonawss.com\/index.php?rest_route=\/wp\/v2\/pages\/5394","targetHints":{"allow":["GET"]}}],"collection":[{"href":"https:\/\/barcelonawss.com\/index.php?rest_route=\/wp\/v2\/pages"}],"about":[{"href":"https:\/\/barcelonawss.com\/index.php?rest_route=\/wp\/v2\/types\/page"}],"author":[{"embeddable":true,"href":"https:\/\/barcelonawss.com\/index.php?rest_route=\/wp\/v2\/users\/1"}],"replies":[{"embeddable":true,"href":"https:\/\/barcelonawss.com\/index.php?rest_route=%2Fwp%2Fv2%2Fcomments&post=5394"}],"version-history":[{"count":26,"href":"https:\/\/barcelonawss.com\/index.php?rest_route=\/wp\/v2\/pages\/5394\/revisions"}],"predecessor-version":[{"id":6329,"href":"https:\/\/barcelonawss.com\/index.php?rest_route=\/wp\/v2\/pages\/5394\/revisions\/6329"}],"up":[{"embeddable":true,"href":"https:\/\/barcelonawss.com\/index.php?rest_route=\/wp\/v2\/pages\/5693"}],"wp:attachment":[{"href":"https:\/\/barcelonawss.com\/index.php?rest_route=%2Fwp%2Fv2%2Fmedia&parent=5394"}],"curies":[{"name":"wp","href":"https:\/\/api.w.org\/{rel}","templated":true}]}}